7, 331
List the prime factors of 3362905.
5, 7, 13, 19, 389
What are the prime factors of 167978?
2, 47, 1787
List the prime factors of 228630.
2, 3, 5, 7621
What are the prime factors of 2735275?
5, 23, 67, 71
What are the prime factors of 274445?
5, 131, 419
List the prime factors of 8555838.
2, 3, 1425973
List the prime factors of 259361.
419, 619
What are the prime factors of 259205?
5, 47, 1103
What are the prime factors of 67585?
5, 7, 1931
List the prime factors of 1085693.
7, 22157
List the prime factors of 15833.
71, 223
List the prime factors of 6895415.
5, 151, 9133
List the prime factors of 36490.
2, 5, 41, 89
What are the prime factors of 9447258?
2, 3, 1574543
What are the prime factors of 2666612?
2, 13, 19, 2699
What are the prime factors of 2523527?
2523527
What are the prime factors of 188465?
5, 37693
What are the prime factors of 7354904?
2, 277, 3319
List the prime factors of 1901484.
2, 3, 13, 17, 239
What are the prime factors of 3189174?
2, 3, 199, 2671
List the prime factors of 4326788.
2, 179, 6043
List the prime factors of 1304821.
7, 31, 859
List the prime factors of 14005665.
3, 5, 311237
List the prime factors of 153510.
2, 3, 5, 7, 17, 43
List the prime factors of 341939.
13, 29, 907
What are the prime factors of 8197510?
2, 5, 53, 15467
What are the prime factors of 454226?
2, 227113
What are the prime factors of 158504?
2, 19813
List the prime factors of 2346242.
2, 1173121
What are the prime factors of 2840862?
2, 3, 473477
What are the prime factors of 82636?
2, 73, 283
What are the prime factors of 490442?
2, 41, 5981
List the prime factors of 2036020.
2, 5, 7, 14543
What are the prime factors of 7647513?
3, 2549171
List the prime factors of 92689.
59, 1571
List the prime factors of 572348.
2, 7, 20441
List the prime factors of 133200.
2, 3, 5, 37
What are the prime factors of 30675?
3, 5, 409
List the prime factors of 3871088.
2, 13, 37, 503
What are the prime factors of 8392544?
2, 163, 1609
What are the prime factors of 1149278?
2, 13, 44203
List the prime factors of 159975.
3, 5, 79
What are the prime factors of 297991?
297991
List the prime factors of 1309247.
67, 19541
List the prime factors of 325088.
2, 10159
List the prime factors of 1779965.
5, 11, 32363
What are the prime factors of 7010848?
2, 13, 19, 887
List the prime factors of 299768.
2, 7, 53, 101
What are the prime factors of 14178909?
3, 4726303
What are the prime factors of 7666187?
103, 263, 283
What are the prime factors of 12679837?
31, 409027
What are the prime factors of 3990453?
3, 67, 19853
What are the prime factors of 12327186?
2, 3, 181, 11351
List the prime factors of 3454098.
2, 3, 37, 15559
What are the prime factors of 657294?
2, 3, 11, 23, 433
List the prime factors of 2448560.
2, 5, 127, 241
What are the prime factors of 820321?
820321
What are the prime factors of 290490?
2, 3, 5, 23, 421
What are the prime factors of 124134?
2, 3, 17, 1217
List the prime factors of 906068.
2, 31, 7307
What are the prime factors of 4135187?
7, 590741
List the prime factors of 14221496.
2, 1777687
What are the prime factors of 10163021?
11, 29, 31859
List the prime factors of 15454269.
3, 859, 1999
What are the prime factors of 1012757?
19, 151, 353
List the prime factors of 693710.
2, 5, 69371
What are the prime factors of 442291?
442291
List the prime factors of 3635846.
2, 29, 62687
What are the prime factors of 162201?
3, 13, 4159
What are the prime factors of 5572301?
7, 19, 41897
What are the prime factors of 334705?
5, 7, 73, 131
What are the prime factors of 660605?
5, 11, 12011
List the prime factors of 5945296.
2, 7, 109, 487
List the prime factors of 268099.
13, 41, 503
What are the prime factors of 3009737?
373, 8069
List the prime factors of 3289761.
3, 121843
What are the prime factors of 29179951?
29179951
List the prime factors of 1586843.
887, 1789
What are the prime factors of 4459887?
3, 165181
List the prime factors of 1504457.
37, 73, 557
What are the prime factors of 122159?
151, 809
What are the prime factors of 2569208?
2, 47, 6833
What are the prime factors of 3937607?
3937607
What are the prime factors of 98632?
2, 12329
What are the prime factors of 5533197?
3, 43, 59, 727
List the prime factors of 134533.
7, 19219
List the prime factors of 8735124.
2, 3, 23, 31649
What are the prime factors of 14089193?
37, 193, 1973
List the prime factors of 428395.
5, 11, 7789
What are the prime factors of 22676387?
22676387
What are the prime factors of 518407?
37, 14011
List the prime factors of 475815.
3, 5, 31721
What are the prime factors of 289212?
2, 3, 7, 11, 313
What are the prime factors of 740600?
2, 5, 7, 23
List the prime factors of 99033.
3, 11, 3001
What are the prime factors of 3502259?
3502259
List the prime factors of 99455.
5, 19891
List the prime factors of 3703605.
3, 5, 246907
What are the prime factors of 1449238?
2, 7, 61, 1697
What are the prime factors of 611119?
389, 1571
List the prime factors of 344366.
2, 11, 1423
What are the prime factors of 4109969?
4109969
What are the prime factors of 110796?
2, 3, 7, 1319
What are the prime factors of 2302520?
2, 5, 11, 5233
What are the prime factors of 14164824?
2, 3, 590201
List the prime factors of 2538135.
3, 5, 2089
What are the prime factors of 2053120?
2, 5, 401
List the prime factors of 2664871.
11, 242261
What are the prime factors of 935761?
935761
List the prime factors of 73557.
3, 11, 743
What are the prime factors of 147049?
7, 3001
List the prime factors of 433721.
17, 31, 823
List the prime factors of 3602480.
2, 5, 7, 919
What are the prime factors of 3992111?
29, 137659
List the prime factors of 393055.
5, 13, 6047
List the prime factors of 3199240.
2, 5, 11, 661
What are the prime factors of 160244?
2, 7, 59, 97
List the prime factors of 7402277.
461, 16057
What are the prime factors of 1708062?
2, 3, 19, 14983
List the prime factors of 145622.
2, 17, 4283
List the prime factors of 603507.
3, 37, 5437
What are the prime factors of 544803?
3, 7, 25943
What are the prime factors of 10305?
3, 5, 229
What are the prime factors of 2247165?
3, 5, 49937
What are the prime factors of 2021749?
241, 8389
What are the prime factors of 5669417?
13, 109, 4001
What are the prime factors of 2953929?
3, 11, 89513
What are the prime factors of 394581?
3, 11, 1087
What are the prime factors of 4974112?
2, 11, 13, 1087
List the prime factors of 9416137.
9416137
What are the prime factors of 145957?
7, 29, 719
What are the prime factors of 27097120?
2, 5, 163, 1039
List the prime factors of 351452.
2, 41, 2143
List the prime factors of 47136.
2, 3, 491
What are the prime factors of 1507424?
2, 17, 163
List the prime factors of 290336.
2, 43, 211
What are the prime factors of 17710?
2, 5, 7, 11, 23
List the prime factors of 13323929.
13323929
What are the prime factors of 59636?
2, 17, 877
What are the prime factors of 1863011?
1863011
List the prime factors of 430764.
2, 3, 35897
What are the prime factors of 33587999?
461, 72859
List the prime factors of 1706528.
2, 17, 3137
What are the prime factors of 129400?
2, 5, 647
What are the prime factors of 5849?
5849
List the prime factors of 2663866.
2, 17, 47, 1667
List the prime factors of 6885706.
2, 157, 21929
List the prime factors of 6723638.
2, 3361819
List the prime factors of 24033011.
41, 97, 6043
List the prime factors of 903695.
5, 13, 13903
What are the prime factors of 1173434?
2, 337, 1741
What are the prime factors of 10299985?
5, 157, 13121
List the prime factors of 3208426.
2, 13, 123401
List the prime factors of 892833.
3, 359, 829
What are the prime factors of 2054830?
2, 5, 205483
What are the prime factors of 778343?
23, 43, 787
What are the prime factors of 462506?
2, 11, 21023
What are the prime factors of 467077?
13, 19, 31, 61
What are the prime factors of 250031?
250031
List the prime factors of 25719251.
443, 58057
List the prime factors of 1968807.
3, 37, 17737
List the prime factors of 12614636.
2, 53, 157, 379
What are the prime factors of 1169074?
2, 41, 53, 269
What are the prime factors of 61857?
3, 29, 79
What are the prime factors of 2743219?
2743219
List the prime factors of 528454.
2, 131, 2017
What are the prime factors of 260681?
29, 89, 101
What are the prime factor